l + 0*l - 2*n = 314, 3*l - n = 188. Let x(q) = -15*q**2 + 36*q**2 + q + l*q**2 + 15. Is x(5) prime?
False
Let o(g) = 4*g**2 - 5*g - 8. Suppose 9 = -2*h - 51. Let i be (-8)/(-16) - h/(-4). Is o(i) composite?
False
Let a(l) = l**3 - 2*l**2 - 8*l + 3. Let h be a(4). Let b be 3/18 + ((-41505)/(-18) - h). Suppose -4*p - 3*p + b = 0. Is p a composite number?
True
Let v(q) be the first derivative of -q**3/3 + 5*q**2/2 + 8*q - 5. Let a be v(7). Is ((-4772)/a - 1) + 1/(-3) a prime number?
False
Let n = -61805 - -98514. Is n prime?
True
Let z(l) = 5*l - 21. Let f be z(6). Let i(h) = 12*h**3 - 3*h**2 - 5*h + 1. Is i(f) prime?
True
Let s(t) = -1014*t + 12189. Let d be s(12). Let x(o) = 6*o + 4. Let v be x(-3). Is 28578/d + (-2)/v composite?
False
Let j(w) = -7*w**2 - 16*w + 28. Let x(p) = -1. Let z(i) = j(i) + 3*x(i). Let f be z(13). Is 7*(f/(-2)*2 + 1) prime?
False
Let y(u) = -u**3 - 12*u**2 + 9*u - 47. Let h be y(-13). Suppose -h*b = -5*p + 101353 + 38337, -b = 5. Is p composite?
True
Let a = -2559 + 1772. Is (24 + -18)*a/(-6) a prime number?
True
Let v be 64/6*(-480)/(-128). Suppose 3*d = v*d - 90169. Is d a composite number?
False
Let n(b) = -b**3 + 35*b**2 + 10*b + 118. Let y be n(35). Let k = y - 245. Is k a composite number?
False
Let d(k) = -k**3 - 15*k**2 - 18*k - 49. Let v be d(-14). Is (-48)/168 - (-26231)/v a prime number?
False
Let f(c) be the second derivative of -7*c**5/10 - c**4/3 - c**3/3 + 5*c**2/2 - 28*c. Is f(-3) a prime number?
True
Suppose -i = -4*r + 63, 4*r + 99 = -3*i - 42. Let b be 11/165 + (-276)/90. Is b + 3 - i - -1*4 prime?
False
Let q(w) = 236*w**3 + 6*w**2 - 5*w + 64. Is q(7) composite?
True
Suppose -d - 2*d + 27 = 0. Suppose -26*g + d*g = -83419. Is g a composite number?
True
Let i(t) be the second derivative of t**5/20 + t**4/12 - 2*t**3/3 + 5*t**2/2 + 27*t. Let b be i(0). Is (-3)/((-15)/2221)*b composite?
False
Suppose 5 = -125*t + 126*t. Suppose 3*q = 3*p + 2582 + 1285, t*q = -2*p + 6424. Is q a composite number?
True
Let n = -3868 + 7551. Is n a prime number?
False
Let a(s) = -7281*s - 2536. Is a(-54) prime?
False
Let k = -96 + 92. Is 4416 + (4 - (3 - k)) prime?
False
Suppose g = 4*g + 123. Let f = 46 + g. Suppose f*n + 5*q - 383 = 3847, -3*q + 4236 = 5*n. Is n a prime number?
False
Suppose -3252110 + 12092306 = 179*u - 1536971. Is u a composite number?
False
Suppose 16*x - 21*x - 17466645 = -6*a, -3*a + 5*x = -8733330. Is a prime?
False
Suppose -198*m + 383*m - 194*m = -1374903. Is m a prime number?
True
Suppose -50*y + 13364111 + 449439 = 0. Is y a prime number?
False
Let a(c) = c**3 - c**2 - 1. Let b(k) = -4*k**3 - 22*k**2 - 26*k + 8. Let w(g) = 5*a(g) + b(g). Is w(28) prime?
True
Suppose 9*h + 45778454 = 127*h. Is h a prime number?
True
Let d(t) = 1617*t + 1346. Is d(25) a prime number?
True
Let l(r) = 3*r**3 - 2*r**2 + 2*r - 5. Let g be l(2). Let z be (1 + -6)*(-2)/g*-1986. Is -1*z/8*10 a composite number?
True
Let b(k) = 782*k + 9. Let j = 58 + -53. Suppose 2*r - 5*h - 28 = 0, 0 = -4*r + j*h + 12 + 24. Is b(r) composite?
False
Let d be 75/10*(-1 + -5). Let q = d + 48. Suppose u + u - 310 = -2*v, q*u - 465 = 5*v. Is u a composite number?
True
Suppose 25938 = 9*p - 1323. Let s = 5210 - p. Is s prime?
False
Let h = -98465 - -270270. Suppose 0 = 28*t - 33*t + h. Is t a prime number?
True
Suppose -15320 = -17*a + 19*a. Let t be 1/7 + a/(-35). Let j = -152 + t. Is j a prime number?
True
Let x be ((-192084)/15)/((-2)/5) + -1. Suppose 0*n + x = 9*n. Is n a prime number?
True
Suppose 13537*o - 13518*o = 2487157. Is o a prime number?
False
Let n = 881 + -501. Suppose -5*g + 105 = -0*g. Is 7/g - n/(-3) a composite number?
False
Suppose 0 = -17*x + 1392 - 32. Suppose 0*y + 3*y + 5*i - 101 = 0, 162 = 5*y + 2*i. Is y/x + (-2)/5 + 5437 a prime number?
True
Let s(y) = 845*y**3 - y**2 + 26*y - 26. Let d be s(1). Let a = d + 957. Is a prime?
True
Let x(o) be the first derivative of 5*o**2/2 - 13*o + 22. Let r be x(8). Suppose 25*u - r*u = -5410. Is u prime?
False
Let x = 338 - 339. Is ((-10)/2 + 0 - 5222)*x prime?
True
Let n(k) = -k**3 - 12*k**2 - 21*k - 5. Let o be n(-10). Suppose 0 = o*v - 317 - 313. Let i = -47 + v. Is i prime?
True
Let l(w) = -158*w - 1. Let z be l(-4). Let a be (6/36*-10)/(5/(-6)). Suppose -a*k - 2*u + 113 + 307 = 0, 0 = 3*k + 2*u - z. Is k a composite number?
False
Is 48198 + (-23 - (-330)/15) prime?
True
Suppose 6*c + u - 1 = c, -5*c + 21 = -4*u. Let k be (9 - 37)*c/(-4). Suppose -k*v - v = -536. Is v a prime number?
True
Suppose 4*g + 109 = 3*h - 34, -4*g + 16 = 0. Is h prime?
True
Suppose 15152 = -24*l + 81176. Let u = 6058 + l. Is u prime?
False
Let i(y) be the second derivative of 238*y**5/5 - 2*y**3/3 - y**2/2 - 59*y. Is i(2) a composite number?
False
Suppose 36741559 = 90*b + 9344569. Is b a composite number?
False
Let b = 50581 - 27776. Is b prime?
False
Is (828010/(-93))/((-3)/((-36)/(-8))) a composite number?
True
Suppose 0 = 8*q - 76842 - 88926. Let v = -12212 + q. Is v a composite number?
True
Suppose 4*f + 382439 = b, -56*b + 65*b = f + 3441846. Is b composite?
False
Let h(z) = 8*z**3 + 12*z**2 - 14*z + 20. Let x be h(8). Let g = -2563 + x. Is g a prime number?
False
Let n = 222162 + 59496. Is n/(-52)*2/(-3) a prime number?
False
Let r(d) = 1 - 87*d - 517*d + 64*d. Let y be r(-4). Suppose 0 = 3*i + 4*f - 2564 + 929, f = 4*i - y. Is i a prime number?
True
Let k(f) = -263*f**3 + 3*f**2 + 2*f + 2. Let p be k(-2). Let q = 1199 - -2170. Let d = q - p. Is d a composite number?
True
Suppose -2*j - 42378585 = 76*j - 145511667. Is j a composite number?
False
Suppose -3*m - 4*q + 381135 = 0, 149895 = -4*m - 3*q + 658061. Is m composite?
False
Let v = 141518 - 97129. Suppose 7*i = v + 29342. Is i a composite number?
True
Let m = -8 + 13. Suppose -10 = m*x, c + 2*x = 7*x + 1269. Is c prime?
True
Suppose 4*b + 5*k = 749485 + 855023, 0 = 3*b - 2*k - 1203381. Is b prime?
False
Is 11 - (626256/(-108))/((-2)/(-87)) a prime number?
True
Let k be (-4)/18 + -1*76/(-18). Suppose 0 = 4*n - 5*n + k. Is 27/18*n/(-6)*-821 a composite number?
False
Suppose 2*u - 1873595 = m, 4*m - 4683986 = -5*u + 6*m. Suppose -26*o - 2*o + u = 0. Is o composite?
False
Let r(x) = 177408*x**2 - 17*x - 16. Is r(-1) prime?
True
Let l(p) = 195000*p - 409. Is l(1) composite?
False
Let o(s) be the second derivative of -s**5/20 - 3*s**4/4 - s**3 + s**2/2 + 10*s. Let b(p) = -8*p**2 - 6*p + 1. Let y(r) = 4*b(r) - 3*o(r). Is y(5) composite?
True
Suppose 1797*w = 1822*w - 9460525. Is w prime?
False
Suppose 2*p = n + 3*p - 8381, 4*n = -5*p + 33522. Is n composite?
True
Is (-11 - 1) + (14776799 - 39)/40 a composite number?
False
Is (11*15/495)/(6/14339394) prime?
True
Let i be (-1 + 0)*1 + 1681. Let q = 1679 + -1192. Let g = i - q. Is g prime?
True
Is 1/2*(1691859/26 + (-10)/(-4)) a composite number?
False
Let b be -25 + 38 + (3 - 1). Is 1/3 - ((-142660)/b + 6) prime?
False
Let n(z) = 50862*z - 79. Is n(3) a prime number?
False
Suppose -16 + 12 = -m. Let i(d) = 28*d**3 + 4*d**2 + 5*d - 2. Is i(m) prime?
False
Let p(x) = 56*x - 25. Suppose -334*w + 333*w + 9 = 0. Is p(w) a composite number?
False
Let x be (7 - (-3 + 4))*(-2)/(-4). Suppose 5*j + 1949 = -3*h, -1367 = 3*j - x*h - 188. Let b = 1710 + j. Is b a composite number?
False
Let v(z) = -z**3 + 11*z**2 - 24*z + 6. Let u be v(7). Is u/51 - (12374/(-3))/2 composite?
False
Let u(q) be the first derivative of -3*q**6/10 + q**5/30 - q**3/6 + 8*q**2 - 41. Let t(y) be the second derivative of u(y). Is t(-1) composite?
False
Let j be (-12)/(-9)*90/12. Let f be (-20)/(-50) - 1754/j. Let y = f - -302. Is y a composite number?
False
Suppose -335*r + 511259 = -328*r. Is r composite?
False
Let m(n) = -1128*n + 13. Let f be 45/(-6) - 7/14. Is m(f) a prime number?
False
Suppose 0 = d, -y + 16 = 5*d + 10. Suppose -s + 2*j = -11363, s - 4*j = y*s - 56829. Is s prime?
False
Let o = 27 - 22. Suppose 0*m = -o*m + 4265. Is m composite?
False
Suppose -5*c + 7 - 22 = 0. Let p be 9/27 + (-12113)/c. Suppose 10723 = 5*m + p. Is m a prime number?
False
Let i(k) = -905*k + 562. Is i(-23) prime?
True
Suppose 10*p = 398668 - 20368. Suppose -22*z = 8*z - p. Is z prime?
False
Let m = -209950 + 405609. Is m a prime number?
True
Let l = 31031 - -47090. Is l composite?
False
Let m = -180 - -198. Suppose -m*f = -11*f - 38563. I